{"id":1737,"date":"2022-09-09T08:27:12","date_gmt":"2022-09-09T06:27:12","guid":{"rendered":"https:\/\/kultur-schloss-theuern.de\/?post_type=product&#038;p=1737"},"modified":"2025-01-09T15:55:34","modified_gmt":"2025-01-09T14:55:34","slug":"katalog-zur-ausstellung-eisen-und-glas-mehr-als-krieg-und-frieden","status":"publish","type":"product","link":"https:\/\/kultur-schloss-theuern.de\/en\/product\/katalog-zur-ausstellung-eisen-und-glas-mehr-als-krieg-und-frieden\/","title":{"rendered":"Katalog zur Ausstellung Eisen und Glas \u2013 Mehr als Krieg und Frieden"},"content":{"rendered":"<p>Der Werkstoff Eisen &#8211; integraler Bestandteil der Oberpf\u00e4lzer Geschichte &#8211; wurde schon von dem r\u00f6mischen Schreiber Plinius d. \u00c4. sowohl als &#8222;schlecht und zerst\u00f6rerisch&#8220;, sowie auch als &#8222;gut und schaffend&#8220; erachtet. Diese sprichw\u00f6rtliche Zweischneidigkeit findet sich auch bei dem Werkstoff Glas, der leuchtend und doch von zerbrechlicher Sch\u00f6nheit ist. In dieser Gegens\u00e4tzlichkeit und doch Vergleichbarkeit manifestiert sich der Reiz der Betrachtung beider Stoffe, denn beide bedeuten mehr, als nur Krieg und Frieden.<\/p>\n<p>96 Seiten, 2021, ISBN 978-3-925690-47-1<\/p>","protected":false},"excerpt":{"rendered":"<p>Der Werkstoff Eisen &#8211; integraler Bestandteil der Oberpf\u00e4lzer Geschichte &#8211; wurde schon von dem r\u00f6mischen Schreiber Plinius d. \u00c4. sowohl als &#8222;schlecht und zerst\u00f6rerisch&#8220;, sowie auch als &#8222;gut und schaffend&#8220; erachtet. Diese sprichw\u00f6rtliche Zweischneidigkeit findet sich auch bei dem Werkstoff Glas, der leuchtend und doch&#8230;<\/p>","protected":false},"featured_media":2905,"template":"","meta":[],"product_brand":[],"product_cat":[22],"product_tag":[],"class_list":{"0":"post-1737","1":"product","2":"type-product","3":"status-publish","4":"has-post-thumbnail","6":"product_cat-katalog","8":"first","9":"instock","10":"taxable","11":"shipping-taxable","12":"purchasable","13":"product-type-simple"},"_links":{"self":[{"href":"https:\/\/kultur-schloss-theuern.de\/en\/wp-json\/wp\/v2\/product\/1737","targetHints":{"allow":["GET"]}}],"collection":[{"href":"https:\/\/kultur-schloss-theuern.de\/en\/wp-json\/wp\/v2\/product"}],"about":[{"href":"https:\/\/kultur-schloss-theuern.de\/en\/wp-json\/wp\/v2\/types\/product"}],"wp:featuredmedia":[{"embeddable":true,"href":"https:\/\/kultur-schloss-theuern.de\/en\/wp-json\/wp\/v2\/media\/2905"}],"wp:attachment":[{"href":"https:\/\/kultur-schloss-theuern.de\/en\/wp-json\/wp\/v2\/media?parent=1737"}],"wp:term":[{"taxonomy":"product_brand","embeddable":true,"href":"https:\/\/kultur-schloss-theuern.de\/en\/wp-json\/wp\/v2\/product_brand?post=1737"},{"taxonomy":"product_cat","embeddable":true,"href":"https:\/\/kultur-schloss-theuern.de\/en\/wp-json\/wp\/v2\/product_cat?post=1737"},{"taxonomy":"product_tag","embeddable":true,"href":"https:\/\/kultur-schloss-theuern.de\/en\/wp-json\/wp\/v2\/product_tag?post=1737"}],"curies":[{"name":"wp","href":"https:\/\/api.w.org\/{rel}","templated":true}]}}

<p>Der Werkstoff Eisen &#8211; integraler Bestandteil der Oberpfälzer Geschichte &#8211; wurde schon von dem römischen Schreiber Plinius d. Ä. sowohl als &#8222;schlecht und zerstörerisch&#8220;, sowie auch als &#8222;gut und schaffend&#8220; erachtet. Diese sprichwörtliche Zweischneidigkeit findet sich auch bei dem Werkstoff Glas, der leuchtend und doch von zerbrechlicher Schönheit ist. In dieser Gegensätzlichkeit und doch Vergleichbarkeit manifestiert sich der Reiz der Betrachtung beider Stoffe, denn beide bedeuten mehr, als nur Krieg und Frieden.</p>
<p>96 Seiten, 2021, ISBN 978-3-925690-47-1</p>

<p>Der Werkstoff Eisen &#8211; integraler Bestandteil der Oberpfälzer Geschichte &#8211; wurde schon von dem römischen Schreiber Plinius d. Ä. sowohl als &#8222;schlecht und zerstörerisch&#8220;, sowie auch als &#8222;gut und schaffend&#8220; erachtet. Diese sprichwörtliche Zweischneidigkeit findet sich auch bei dem Werkstoff Glas, der leuchtend und doch&#8230;</p>
