{"id":1733,"date":"2022-09-09T08:25:46","date_gmt":"2022-09-09T06:25:46","guid":{"rendered":"https:\/\/kultur-schloss-theuern.de\/?post_type=product&#038;p=1733"},"modified":"2025-01-09T16:26:07","modified_gmt":"2025-01-09T15:26:07","slug":"katalog-zur-ausstellung-glas-barocke-lust-leben-und-tod","status":"publish","type":"product","link":"https:\/\/kultur-schloss-theuern.de\/en\/product\/katalog-zur-ausstellung-glas-barocke-lust-leben-und-tod\/","title":{"rendered":"Katalog zur Ausstellung \u201eGlas \u2013 Barocke Lust, Leben und Tod\u201c"},"content":{"rendered":"<p>Der Begriff &#8222;Barock&#8220; kommt aus dem Portugiesischen und bedeutet so viel wie &#8222;unregelm\u00e4\u00dfig geformte Perle&#8220;. Im Kern wertvoll und dennoch unangepasst, beschreibt dieses Wort treffend das sch\u00f6ne und zugleich ausschweifende Lebensgef\u00fchl des Barocks. In allem entdeckt der K\u00fcnstler die poetische Kraft, Dinge in etwas H\u00f6heres zu verwandeln, st\u00e4ndig aufzuwerten und transformieren zu m\u00fcssen. Wie kein anderes, erlaubt Glas, sich verwandeln zu lassen und durchlebt in dieser Ausstellung Lust, Leben und den Tod &#8211; ganz im barocken Sinn mit einem H\u00f6chstma\u00df an Muse und Verschwendung.<\/p>\n<p>84 Seiten, 2015, ISBN 3-925690-63-8<\/p>","protected":false},"excerpt":{"rendered":"<p>Der Begriff &#8222;Barock&#8220; kommt aus dem Portugiesischen und bedeutet so viel wie &#8222;unregelm\u00e4\u00dfig geformte Perle&#8220;. Im Kern wertvoll und dennoch unangepasst, beschreibt dieses Wort treffend das sch\u00f6ne und zugleich ausschweifende Lebensgef\u00fchl des Barocks. In allem entdeckt der K\u00fcnstler die poetische Kraft, Dinge in etwas H\u00f6heres&#8230;<\/p>","protected":false},"featured_media":2911,"template":"","meta":[],"product_brand":[],"product_cat":[22],"product_tag":[],"class_list":{"0":"post-1733","1":"product","2":"type-product","3":"status-publish","4":"has-post-thumbnail","6":"product_cat-katalog","8":"first","9":"instock","10":"taxable","11":"shipping-taxable","12":"purchasable","13":"product-type-simple"},"_links":{"self":[{"href":"https:\/\/kultur-schloss-theuern.de\/en\/wp-json\/wp\/v2\/product\/1733","targetHints":{"allow":["GET"]}}],"collection":[{"href":"https:\/\/kultur-schloss-theuern.de\/en\/wp-json\/wp\/v2\/product"}],"about":[{"href":"https:\/\/kultur-schloss-theuern.de\/en\/wp-json\/wp\/v2\/types\/product"}],"wp:featuredmedia":[{"embeddable":true,"href":"https:\/\/kultur-schloss-theuern.de\/en\/wp-json\/wp\/v2\/media\/2911"}],"wp:attachment":[{"href":"https:\/\/kultur-schloss-theuern.de\/en\/wp-json\/wp\/v2\/media?parent=1733"}],"wp:term":[{"taxonomy":"product_brand","embeddable":true,"href":"https:\/\/kultur-schloss-theuern.de\/en\/wp-json\/wp\/v2\/product_brand?post=1733"},{"taxonomy":"product_cat","embeddable":true,"href":"https:\/\/kultur-schloss-theuern.de\/en\/wp-json\/wp\/v2\/product_cat?post=1733"},{"taxonomy":"product_tag","embeddable":true,"href":"https:\/\/kultur-schloss-theuern.de\/en\/wp-json\/wp\/v2\/product_tag?post=1733"}],"curies":[{"name":"wp","href":"https:\/\/api.w.org\/{rel}","templated":true}]}}

<p>Der Begriff &#8222;Barock&#8220; kommt aus dem Portugiesischen und bedeutet so viel wie &#8222;unregelmäßig geformte Perle&#8220;. Im Kern wertvoll und dennoch unangepasst, beschreibt dieses Wort treffend das schöne und zugleich ausschweifende Lebensgefühl des Barocks. In allem entdeckt der Künstler die poetische Kraft, Dinge in etwas Höheres zu verwandeln, ständig aufzuwerten und transformieren zu müssen. Wie kein anderes, erlaubt Glas, sich verwandeln zu lassen und durchlebt in dieser Ausstellung Lust, Leben und den Tod &#8211; ganz im barocken Sinn mit einem Höchstmaß an Muse und Verschwendung.</p>
<p>84 Seiten, 2015, ISBN 3-925690-63-8</p>

<p>Der Begriff &#8222;Barock&#8220; kommt aus dem Portugiesischen und bedeutet so viel wie &#8222;unregelmäßig geformte Perle&#8220;. Im Kern wertvoll und dennoch unangepasst, beschreibt dieses Wort treffend das schöne und zugleich ausschweifende Lebensgefühl des Barocks. In allem entdeckt der Künstler die poetische Kraft, Dinge in etwas Höheres&#8230;</p>
